1911?
39
What is the greatest common divisor of 5747 and 959?
7
What is the highest common factor of 26054 and 8932?
14
What is the greatest common factor of 134828 and 814?
74
What is the highest common factor of 28337 and 42176?
659
Calculate the highest common divisor of 72364 and 1343.
79
Calculate the highest common factor of 169731 and 153.
9
Calculate the greatest common divisor of 41915 and 2075.
415
What is the highest common factor of 27 and 14829993?
27
What is the highest common divisor of 453 and 3860013?
453
What is the greatest common divisor of 66 and 178750?
22
Calculate the greatest common divisor of 303612 and 8.
4
What is the highest common divisor of 20511 and 3?
3
Calculate the greatest common factor of 67320 and 350460.
1980
Calculate the greatest common divisor of 2219748 and 36.
12
What is the highest common divisor of 264 and 76626?
66
Calculate the greatest common factor of 2277 and 798468.
759
What is the highest common divisor of 35 and 2232615?
35
What is the greatest common divisor of 461955 and 138?
69
What is the greatest common divisor of 106679 and 214?
107
What is the highest common divisor of 445696 and 768?
256
What is the highest common divisor of 185 and 1467605?
185
What is the greatest common divisor of 3621 and 90457?
17
What is the highest common divisor of 46530 and 90?
90
Calculate the greatest common divisor of 32 and 28840.
8
Calculate the greatest common divisor of 506 and 2477629.
253
What is the highest common divisor of 42 and 20342?
14
Calculate the highest common factor of 101946 and 156.
78
What is the greatest common divisor of 8625 and 322?
23
Calculate the greatest common divisor of 146 and 545.
1
Calculate the greatest common factor of 136500 and 65.
65
What is the greatest common factor of 2408 and 6727?
7
What is the greatest common factor of 7446 and 174324?
438
What is the greatest common factor of 746 and 1275287?
373
What is the highest common divisor of 1414 and 168?
14
Calculate the greatest common divisor of 60 and 121332.
12
Calculate the greatest common divisor of 170 and 19108.
34
Calculate the greatest common factor of 17910 and 190.
10
What is the greatest common factor of 3572 and 6460?
76
What is the greatest common factor of 11793804 and 44?
44
Calculate the greatest common factor of 96 and 3228.
12
Calculate the greatest common factor of 18009 and 122751.
207
Calculate the highest common divisor of 24875 and 4350.
25
What is the greatest common divisor of 14569 and 323?
17
Calculate the highest common factor of 2695 and 141680.
385
What is the greatest common factor of 374 and 32912?
374
What is the greatest common factor of 588 and 1411116?
84
What is the highest common divisor of 15732 and 3726?
414
Calculate the highest common factor of 378 and 40563.
9
What is the highest common factor of 1482 and 199576?
494
What is the greatest common factor of 14 and 4593302?
14
Calculate the highest common factor of 144 and 1172502.
18
What is the highest common divisor of 143252 and 236?
236
Calculate the highest common factor of 14 and 45535.
7
Calculate the highest common divisor of 187260 and 180.
60
What is the highest common factor of 19926 and 615?
123
Calculate the highest common factor of 8177 and 962.
481
What is the greatest common divisor of 203 and 1493674?
203
What is the greatest common factor of 1320 and 460?
20
Calculate the greatest common factor of 5837 and 70942.
449
What is the greatest common factor of 214885 and 110?
55
What is the greatest common divisor of 490 and 2042390?
70
What is the highest common factor of 1474 and 21842?
134
What is the highest common factor of 651906 and 36?
18
What is the greatest common divisor of 29784 and 48?
24
What is the highest common divisor of 150884 and 938?
134
What is the highest common divisor of 22 and 267366?
22
Calculate the greatest common factor of 21565 and 2945.
95
What is the highest common divisor of 40796 and 21?
7
What is the greatest common divisor of 384 and 6016?
128
Calculate the highest common divisor of 1496610 and 15665.
1205
What is the greatest common divisor of 24849 and 2574?
99
What is the highest common divisor of 304 and 43016?
152
Calculate the greatest common divisor of 173333 and 344.
43
Calculate the highest common factor of 53 and 49873.
53
What is the greatest common divisor of 4209 and 45609?
69
What is the highest common factor of 10 and 505?
5
What is the highest common divisor of 17112 and 9?
3
What is the greatest common factor of 10 and 1988290?
10
What is the greatest common factor of 960 and 275904?
192
Calculate the highest common divisor of 84 and 26976.
12
Calculate the greatest common divisor of 1100 and 68.
4
Calculate the greatest common factor of 2884 and 16.
4
What is the highest common divisor of 5229 and 525?
21
Calculate the greatest common factor of 1144 and 54197.
143
What is the greatest common divisor of 5 and 66?
1
What is the greatest common factor of 20511 and 14098?
53
Calculate the highest common factor of 12028 and 1364.
124
What is the greatest common divisor of 24 and 191336?
8
What is the greatest common divisor of 3908917 and 367?
367
Calculate the greatest common divisor of 110 and 73205.
55
Calculate the greatest common factor of 496 and 780.
4
Calculate the highest common factor of 22715 and 25.
5
Calculate the highest common factor of 641 and 30645569.
641
What is the highest common divisor of 10560 and 51920?
880
What is the highest common factor of 45 and 22930?
5
What is the greatest common factor of 1002 and 51?
3
Calculate the highest common factor of 13032 and 6579.
9
What is the greatest common divisor of 16 and 101048?
8
Calculate the highest common factor of 3895 and 57760.
95
What is the greatest common factor of 2105571 and 507?
507
What is the highest common divisor of 26519296 and 32?
32
What is the highest common factor of 35844 and 240?
12
What is the highest common factor of 135653 and 7?
7
What is the highest common divisor of 381348 and 990?
198
What is the greatest common divisor of 189 and 764127?
189
What is the highest common factor of 305 and 17995?
305
What is the highest common factor of 67260 and 1596?
228
What is the greatest common factor of 14 and 86611?
7
Calculate the highest common factor of 145791 and 2037.
291
Calculate the highest common factor of 76428 and 1188.
396
Calculate the highest common divisor of 112 and 14462.
14
What is the greatest common divisor of 84830 and 340?
170
What is the highest common factor of 98634 and 136?
34
What is the greatest common divisor of 5530227 and 1446?
723
What is the highest common divisor of 28 and 5166?
14
Calculate the highest common divisor of 3902444 and 1092.
364
What is the greatest common factor of 85918 and 3451?
119
What is the greatest common divisor of 209 and 10714?
11
What is the greatest common divisor of 51852 and 26216?
116
What is the highest common divisor of 333996 and 1014?
78
What is the greatest common divisor of 766224 and 51?
51
What is the greatest common factor of 4975 and 33631?
199
What is the greatest common divisor of 15 and 4542495?
15
Calculate the greatest common divisor of 257 and 11808379.
257
Calculate the greatest common divisor of 7802829 and 639.
639
Calculate the highest common divisor of 1110 and 93462.
222
What is the highest common factor of 49 and 316099?
49
What is the highest common factor of 615900 and 600?
300
What is the greatest common factor of 23180040 and 39?
39
Calculate the greatest common divisor of 1309 and 37037.
77
What is the highest common divisor of 14559 and 6330?
633
What is the highest common divisor of 41495 and 1351?
193
What is the highest common divisor of 4500 and 684?
36
Calculate the highest common factor of 92 and 5188892.
92
What is the greatest common factor of 4 and 60034?
2
What is the greatest common divisor of 121284 and 6264?
108
What is the greatest common factor of 84 and 56?
28
Calculate the greatest common factor of 8227 and 684.
19
What is the greatest common divisor of 5941832 and 194?
194
What is the highest common divisor of 928380 and 60?
60
What is the greatest common factor of 1778 and 1643761?
889
What is the greatest common divisor of 2905 and 4760?
35
Calculate the greatest c